t common divisor of 1288 and 7?
7
What is the greatest common divisor of 1 and 2219?
1
Calculate the highest common factor of 79 and 3239.
79
Calculate the greatest common divisor of 265 and 6.
1
What is the highest common factor of 11472 and 96?
48
Calculate the highest common factor of 845 and 11492.
169
Calculate the highest common divisor of 114 and 186.
6
Calculate the greatest common factor of 26 and 2470.
26
What is the greatest common factor of 42 and 672?
42
Calculate the highest common divisor of 208 and 39.
13
What is the greatest common factor of 264 and 297?
33
What is the greatest common factor of 187 and 297?
11
What is the greatest common divisor of 57 and 16226?
19
What is the greatest common factor of 3240 and 243?
81
Calculate the greatest common factor of 36 and 1152.
36
What is the highest common factor of 1608 and 168?
24
What is the greatest common divisor of 76 and 2774?
38
Calculate the greatest common factor of 14 and 18634.
14
What is the greatest common divisor of 47 and 282?
47
What is the greatest common divisor of 6 and 2403?
3
What is the highest common divisor of 144 and 9824?
16
What is the highest common divisor of 3916 and 55?
11
Calculate the greatest common factor of 94 and 8.
2
Calculate the highest common divisor of 162 and 81.
81
Calculate the greatest common divisor of 4009 and 211.
211
Calculate the highest common divisor of 28 and 100.
4
What is the highest common divisor of 132 and 444?
12
Calculate the highest common factor of 19 and 1197.
19
What is the highest common divisor of 295 and 5?
5
Calculate the greatest common factor of 994 and 392.
14
Calculate the greatest common factor of 320 and 1160.
40
Calculate the highest common factor of 21 and 10059.
21
Calculate the highest common factor of 1251 and 556.
139
Calculate the highest common divisor of 2150 and 800.
50
What is the greatest common divisor of 489 and 12?
3
What is the greatest common divisor of 959 and 28?
7
Calculate the highest common divisor of 1568 and 70.
14
Calculate the greatest common factor of 695 and 5.
5
What is the highest common divisor of 324 and 24?
12
What is the highest common factor of 16 and 9984?
16
What is the highest common divisor of 480 and 48?
48
Calculate the highest common divisor of 128 and 1760.
32
What is the greatest common divisor of 450 and 310?
10
What is the highest common divisor of 3800 and 440?
40
Calculate the highest common factor of 106 and 530.
106
What is the greatest common factor of 627 and 19?
19
What is the highest common factor of 39 and 13143?
39
Calculate the highest common factor of 120 and 312.
24
What is the greatest common factor of 3225 and 60?
15
Calculate the greatest common factor of 154 and 14.
14
Calculate the highest common divisor of 152 and 48.
8
Calculate the highest common factor of 15 and 18.
3
What is the highest common divisor of 1320 and 48?
24
What is the greatest common divisor of 11 and 4411?
11
Calculate the greatest common divisor of 152 and 24.
8
What is the greatest common factor of 28501 and 11?
11
Calculate the highest common divisor of 32 and 1180.
4
What is the highest common divisor of 16 and 2096?
16
What is the greatest common factor of 77 and 11?
11
What is the highest common divisor of 237 and 4661?
79
Calculate the greatest common factor of 8128 and 192.
64
Calculate the highest common divisor of 1616 and 5858.
202
What is the greatest common divisor of 3501 and 18?
9
Calculate the greatest common divisor of 5 and 80.
5
What is the highest common divisor of 66 and 2409?
33
Calculate the highest common divisor of 165 and 4587.
33
Calculate the highest common divisor of 420 and 360.
60
What is the greatest common divisor of 295 and 15?
5
Calculate the highest common factor of 156 and 12.
12
Calculate the greatest common factor of 14 and 26.
2
Calculate the greatest common divisor of 299 and 65.
13
What is the greatest common factor of 800 and 3050?
50
Calculate the highest common divisor of 324 and 396.
36
Calculate the greatest common divisor of 18468 and 171.
171
What is the highest common factor of 94 and 7379?
47
Calculate the highest common factor of 2340 and 2652.
156
Calculate the highest common factor of 70 and 35.
35
What is the highest common divisor of 5355 and 105?
105
What is the greatest common factor of 152 and 32?
8
What is the greatest common factor of 64 and 72?
8
Calculate the highest common factor of 75 and 1175.
25
What is the highest common factor of 1855 and 140?
35
What is the greatest common divisor of 30 and 4710?
30
What is the highest common divisor of 225 and 72?
9
Calculate the greatest common factor of 48 and 444.
12
Calculate the greatest common divisor of 248 and 31.
31
Calculate the greatest common divisor of 690 and 60.
30
Calculate the greatest common divisor of 84 and 112.
28
What is the greatest common factor of 430 and 80?
10
Calculate the greatest common factor of 4309 and 278.
139
What is the highest common divisor of 44 and 1375?
11
What is the greatest common factor of 21 and 16485?
21
What is the highest common divisor of 1553 and 1?
1
What is the greatest common divisor of 6 and 2026?
2
Calculate the highest common divisor of 159 and 35457.
159
What is the highest common divisor of 48 and 216?
24
Calculate the greatest common factor of 54 and 174.
6
What is the greatest common factor of 66 and 154?
22
Calculate the highest common divisor of 24176 and 16.
16
Calculate the highest common divisor of 142 and 4544.
142
Calculate the greatest common divisor of 50 and 10.
10
Calculate the highest common factor of 986 and 116.
58
Calculate the highest common divisor of 30 and 15310.
10
Calculate the greatest common divisor of 631 and 2.
1
Calculate the greatest common factor of 88 and 3476.
44
What is the greatest common divisor of 15 and 25095?
15
What is the greatest common factor of 561 and 51?
51
What is the highest common divisor of 90 and 2520?
90
Calculate the highest common factor of 284 and 4.
4
Calculate the highest common factor of 80 and 7184.
16
Calculate the highest common factor of 26 and 10.
2
Calculate the highest common divisor of 44 and 12452.
44
Calculate the highest common divisor of 2611 and 28.
7
What is the highest common divisor of 315 and 189?
63
Calculate the greatest common divisor of 8073 and 39.
39
Calculate the highest common factor of 93 and 6.
3
What is the greatest common factor of 55 and 25?
5
What is the greatest common factor of 1776 and 12?
12
Calculate the highest common divisor of 87 and 87.
87
What is the greatest common factor of 217 and 11501?
217
What is the highest common factor of 8848 and 84?
28
Calculate the highest common factor of 105 and 147.
21
Calculate the highest common divisor of 3782 and 62.
62
Calculate the highest common factor of 322 and 224.
14
What is the highest common divisor of 4582 and 316?
158
What is the highest common factor of 4 and 1764?
4
Calculate the greatest common factor of 13345 and 314.
157
Calculate the greatest common factor of 2717 and 13.
13
Calculate the highest common factor of 645 and 1161.
129
What is the highest common factor of 26 and 91?
13
What is the greatest common divisor of 3723 and 146?
73
What is the greatest common divisor of 159 and 3?
3
What is the greatest common divisor of 91 and 208?
13
What is the greatest common divisor of 616 and 56?
56
What is the greatest common divisor of 1222 and 26?
26
What is the greatest common divisor of 168 and 72?
24
Calculate the highest common factor of 1500 and 24.
12
What is the greatest common divisor of 10547 and 53?
53
Calculate the highest common factor of 96 and 90.
6
What is the greatest common factor of 242 and 110?
22
What is the greatest common divisor of 210 and 510?
30
Calculate the greatest common factor of 1786 and 38.
38
What is the highest common divisor of 588 and 192?
12
What is the greatest common divisor of 1623 and 3?
3
What is the highest common divisor of 19 and 76?
19
What is the highest common divisor of 600 and 360?
120
What is the greatest common divisor of 4 and 430?
2
Calculate the highest common divisor of 935 and 85.
85
What is the highest common factor of 3 and 2073?
3
Calculate the highest common divisor of 12730 and 76.
38
What is the greatest